 = -19*r**2 - 7166*r - 404718. Give f(-308).
-6
Let g(k) = -k**2 - 1486*k + 160292. What is g(101)?
5
Let t(z) = 9*z**3 - 16*z**2 - 8805*z + 17615. What is t(2)?
13
Let w(q) = -53*q + 596. Give w(22).
-570
Let m(h) = -1583*h**2 + 74400*h + 40. Determine m(47).
-7
Let s(h) = -13*h**3 + 4*h**2 - 2120*h - 4240. Calculate s(-2).
120
Let z(k) = -1652*k - 23360. Calculate z(-14).
-232
Let p(o) = -23565*o - 1366759. What is p(-58)?
11
Let o(v) = 2*v**3 - 80*v**2 + 243*v - 8313. Give o(39).
-1878
Let i(s) = 3*s**3 - 75*s**2 - 96*s - 8. What is i(26)?
-476
Let d(o) = 7*o**2 + 697*o + 628. Calculate d(-103).
3100
Let r(f) = -764*f + 2292. Give r(3).
0
Let q(j) = -2*j**2 - 1773*j - 74868. Determine q(-842).
70
Let s(t) = -71*t + 15559. Give s(236).
-1197
Let n(z) = -32663*z - 130564. Give n(-4).
88
Let b(u) = -152*u + 23538. What is b(150)?
738
Let a(r) = -11*r**3 + 78*r**2 - 11*r + 31. What is a(8)?
-697
Let u(v) = -44*v**2 - 943*v - 90. Calculate u(-21).
309
Let o(f) = -1357*f - 4092. Give o(-3).
-21
Let g(p) = p**2 + 107*p + 1911. What is g(-94)?
689
Let d(c) = 510*c + 44259. Determine d(-86).
399
Let w(r) = r**3 + 63*r**2 + 1099*r + 5694. What is w(-10)?
4
Let x(n) = -97*n**2 - 2043*n - 49. Give x(-19).
3751
Let g(s) = -234*s + 22. Give g(-3).
724
Let y(b) = 13*b**2 - 102*b - 568. Give y(-5).
267
Let r(b) = -b**3 - 92*b**2 + 578*b - 89. Calculate r(6).
-149
Let a(q) = 3*q**2 - 332*q + 4656. Calculate a(17).
-121
Let o(r) = -68*r**2 + 4395*r - 26334. Calculate o(6).
-2412
Let p(y) = -3*y**3 - 99*y**2 - 422*y - 289. Calculate p(-4).
7
Let v(r) = 8*r**2 + 87*r - 402. What is v(-14)?
-52
Let b(y) = -2*y**2 - 280*y + 4838. Give b(16).
-154
Let i(s) = -784*s - 84644. What is i(-108)?
28
Let q(j) = 232*j - 7960. Determine q(41).
1552
Let h(x) = x**3 + 48*x**2 + 1132*x + 54323. Determine h(-48).
-13
Let n(a) = 22953*a - 47386. Calculate n(2).
-1480
Let w(b) = -39*b**2 - 973*b + 96. Give w(-25).
46
Let v(h) = -h**2 + 560*h - 78609. What is v(283)?
-218
Let l(a) = -4*a**2 - 152*a - 123. Determine l(-37).
25
Let s(j) = -4*j**3 + 50*j**2 - 49*j + 147. Determine s(12).
-153
Let j(l) = 3803*l + 1962353. What is j(-516)?
5
Let f(q) = -q**2 + 12549*q + 238807. What is f(-19)?
15
Let w(b) = b**3 + 13*b**2 + 2*b - 61. Determine w(4).
219
Let i(a) = 11077*a + 166158. What is i(-15)?
3
Let t(u) = 47746*u - 334217. Give t(7).
5
Let w(s) = 1091*s + 256309. What is w(-235)?
-76
Let f(a) = 98*a**2 + 341*a + 4. Give f(-3).
-137
Let o(x) = -x**3 + 2*x**2 + 143*x + 159. Determine o(-10).
-71
Let n(d) = d**3 + 53*d**2 + 428*d - 101. Give n(-10).
-81
Let q(l) = 2*l**2 - 661*l - 72134. Give q(417).
7
Let i(y) = -2*y**3 - 545*y**2 - 1328*y + 5937. Calculate i(-270).
-3
Let o(m) = 4*m**2 + 696*m + 2730. Give o(-170).
10
Let x(c) = -34*c**2 - 1115*c + 229. Determine x(-33).
-2
Let g(f) = 108*f**3 - 83701*f**2 + 784*f - 6971. Calculate g(775).
4
Let u(j) = 3508*j - 5545. What is u(2)?
1471
Let c(h) = 33*h**2 + 3664*h + 122. Give c(-111).
11
Let h(v) = 899*v**3 + v**2 - 18*v - 17. Determine h(-1).
-897
Let g(m) = 2*m**3 + 66*m**2 - 204*m - 49. Determine g(-37).
-3453
Let i(f) = 113*f**2 + 1694*f + 6322. Determine i(-7).
1
Let w(u) = -u**3 + 201*u**2 - 10092*u + 284. Determine w(104).
-132
Let o(b) = -9*b**3 - b**2 - b - 3. Determine o(-4).
561
Let n(j) = -j**3 - 686*j**2 - 4084*j - 8. What is n(-6)?
16
Let x(r) = r**2 - 53*r - 11429. Calculate x(-83).
-141
Let o(v) = -v**3 + 16*v**2 + 256*v - 1545. What is o(24)?
-9
Let s(h) = 10*h**3 + 33*h**2 + 51*h + 59. Determine s(-3).
-67
Let c(n) = -n**3 + 5*n**2 - 146*n - 737. Calculate c(-4).
-9
Let c(m) = -1171*m - 315. Calculate c(-3).
3198
Let f(s) = -2*s**3 + 222*s**2 - 435*s + 5. Calculate f(2).
7
Let i(b) = 16880*b - 167928. What is i(10)?
872
Let o(w) = -125*w**2 + 1341*w - 2672. Calculate o(2).
-490
Let q(h) = 7191*h + 848343. What is q(-118)?
-195
Let t(o) = -113*o**3 - 4*o**2 + 12*o + 15. Give t(-1).
112
Let r(y) = 34*y**2 + 7311*y + 207. Give r(-215).
-8
Let p(n) = 5*n**3 + 225*n**2 - 228*n - 201. Determine p(-46).
-293
Let j(t) = -t**3 + 535*t**2 + 842*t + 124601. What is j(537)?
17
Let p(v) = -186*v**2 + 41847*v + 430. Give p(225).
-245
Let l(s) = -2*s**2 + 16101*s - 128685. Give l(8).
-5
Let m(o) = -95*o - 467. What is m(-2)?
-277
Let q(l) = l**3 + 591*l**2 + 7491*l - 12981. Give q(-578).
313
Let d(n) = -12203*n + 1561971. What is d(128)?
-13
Let y(m) = -2*m**2 + 359*m - 10693. What is y(37)?
-148
Let y(w) = 3*w**3 - 6725*w**2 - 13458*w + 1. Determine y(-2).
-7
Let q(c) = 2*c**2 + 287*c - 61. Calculate q(-143).
-204
Let x(s) = -12302*s + 1082526. Give x(88).
-50
Let m(f) = 30*f**2 + 18*f - 449. Determine m(0).
-449
Let o(l) = -2*l**2 + 6*l + 465. Determine o(-11).
157
Let p(b) = 1178*b + 6879. Calculate p(-6).
-189
Let q(k) = -3*k**3 + 6*k**2 - 7*k + 17. Determine q(4).
-107
Let b(z) = -3842*z - 1083373. Give b(-282).
71
Let p(r) = -r**3 - 326*r**2 + 15625*r - 7104. What is p(42)?
-6
Let p(l) = 2*l**3 - 47*l**2 + 3*l - 5122. Determine p(27).
62
Let b(z) = -2*z**3 - 866*z**2 + 2601*z + 31. Calculate b(3).
-14
Let w(m) = -3*m**3 - 25*m**2 + 61*m - 39. Calculate w(7).
-1866
Let o(p) = p**3 - 33*p**2 - 73*p + 4332. Calculate o(13).
3
Let o(v) = -3997*v - 3441425. Determine o(-861).
-8
Let s(v) = 395*v**2 - 16984*v - 164. Determine s(43).
-121
Let r(k) = 4*k**3 + 118*k**2 - 774*k - 21420. What is r(-30)?
0
Let x(g) = 5*g**2 - 16*g - 100. Give x(-5).
105
Let q(t) = 19*t**2 - 6607*t - 1983. Determine q(348).
-243
Let s(w) = 718*w - 21703. Determine s(29).
-881
Let y(g) = -115*g - 5416. Calculate y(-44).
-356
Let v(j) = 2058*j + 162572. What is v(-79)?
-10
Let t(l) = l**3 + 21*l**2 - 565*l - 11326. What is t(-26)?
-16
Let f(b) = -1863*b**2 + 9349*b - 165. Give f(5).
5
Let z(i) = 21*i**3 - 117*i**2 - 313*i + 1. Calculate z(-2).
-9
Let k(p) = -165649*p - 6460315. Calculate k(-39).
-4
Let t(p) = 3*p**3 + p**2 - 7830*p + 39175. Give t(5).
425
Let v(a) = -a**2 - 92*a - 1672. Calculate v(-67).
3
Let r(o) = -407*o + 177019. Calculate r(435).
-26
Let b(u) = -682*u - 30662. What is b(-45)?
28
Let z(j) = -j**3 + 40*j**2 - 250*j - 22. What is z(8)?
26
Let o(v) = 3*v**3 + 542*v**2 + 367*v + 1683. What is o(-180)?
423
Let y(f) = -f**2 - 188*f + 6286. Calculate y(29).
-7
Let u(r) = 2*r**3 - 30*r**2 + 2235*r - 36205. Give u(16).
67
Let j(c) = c**3 + 5*c**2 - 95*c + 484. Calculate j(-14).
50
Let x(h) = 5*h**3 - 262*h**2 - 136*h - 1160. What is x(53)?
59
Let k(z) = -4*z**2 - 24*z + 276. Calculate k(-14).
-172
Let o(d) = -d**2 - 115*d - 6. Calculate o(-10).
1044
Let d(u) = -u**2 + 88*u + 19698. Determine d(-103).
25
Let w(v) = -60660*v + 28. What is w(0)?
28
Let h(u) = -63*u**2 - 886*u + 5960. Calculate h(5).
-45
Let w(g) = -3*g**3 + 19*g**2 - 26*g + 161. What is w(7)?
-119
Let k(d) = 78215*d + 1016785. Give k(-13).
-10
Let v(b) = 5*b**2 - 1043*b - 553. Determine v(209).
-135
Let a(k) = -73*k**2 + 298*k + 901. Give a(-3).
-650
Let n(t) = -2019*t - 537013. Determine n(-266).
41
Let h(g) = -2*g**2 + 391*g + 2766. Calculate h(-7).
-69
Let u(s) = 869*s**2 + 2611*s - 37. Calculate u(-3).
-49
Let r(s) = -s**3 + 6*s**2 + 195*s + 301. Determine r(-10).
-49
Let v(q) = 138*q - 4782. Determine v(41).
876
Let z(q) = 90408*q + 994495. What is z(-11)?
7
Let t(b) = 1213785*b + 7282714. Determine t(-6).
4
Let s(x) = -1476*x**2 - 11804*x + 33. Calculate s(-8).
1
Let h(s) = 28*s**2 + 872*s + 9. What is h(4)?
3945
Let n(r) = r**3 + 83*r**2 + 1714*r + 140. What is n(-45)?
-40
Let r(q) = 5*q**2 - 692*q - 29956. Determine r(173).
-27
Let m(v) = 2*v**3 + 159*v**2 + 65*v - 334. Give m(-79).
772
Let t(s) = 7*s**3 - 167*s**2 + 171*s - 6. Calculate t(1).
5
Let c(r) = 111448*r + 1894627. Give c(-17).
11
Let p(f) = -766*f**2 - 56684*f - 8. Determine p(-74).
-8
Let y(o) = -10641*o + 177718. What is y(17)?
-3179
Let d(l) = -2354*l - 32991. Determine d(-14).
-35
Let v(y) = -4*y**2 + 207*y + 2815. Give v(-14).
-867
Let k(r) = 81*r**2 + 174*r + 213. Determine k(-2).
189
Let c(w) = -5*w**2 + 555*w + 3725. Calculate c(-7).
-405
Let o(r) = -11816*r + 508008. Give o(43).
-80
Let l(y) = -120844*y + 8096553. Determine l(67).
5
Let f(z) = -3*z**3 + 9*z**2 + 245*z + 713. Give f(-3).
140
Let l(d) = -173*d**2 + 1170*d + 1715. Determine l(8).
3
Let c(k) = -3*k**3 - 76*k**2 - 314*k - 7392. Dete